e u(-6).
5
Suppose -h + y + 0 = -5, -19 = -2*h + 5*y. Suppose -10 - h = -4*s. Let u(o) = -o**2 + o + 2. Calculate u(s).
-4
Let k(t) = t**3 + 5*t**2 - 7*t. Let b be (54/12)/(3/(-4)). Determine k(b).
6
Let b(p) = p - 4. Let w(y) = -y**2 - 5. Let v be w(0). Let l(i) = 2*i + 7. Let h be l(v). Determine b(h).
-7
Let x(r) be the second derivative of r - 1/3*r**3 + 3/2*r**2 + 0. Let s be (9/6)/(3/(-6)). Give x(s).
9
Let o(b) = -4*b + 9. Let c(y) = 3*y - 8. Let f(n) = 3*c(n) + 2*o(n). Let q(a) = a**3 - 3*a**2 - 6*a + 5. Let g be q(4). Let p = -3 - g. Determine f(p).
-6
Let f(b) be the second derivative of -4*b**3/3 - b**2/2 - 10*b. Determine f(-2).
15
Let i(q) = q**2 - 6*q + 2. Let p be i(6). Suppose z + p*m + 3 = 0, 1 = -4*m - 3. Let k(f) be the first derivative of 7*f**2/2 + f - 3. Determine k(z).
-6
Let s(o) be the first derivative of 1/120*o**5 - 2/3*o**3 + 0*o + 1 + 0*o**2 - 11/24*o**4. Let z(f) be the third derivative of s(f). What is z(5)?
-6
Let o(q) = q - 13. Let c = -5 + 12. Calculate o(c).
-6
Let z(o) = 2 + 0*o - o + 6 + 1. Let b be 1 - (-2 + 3 + -4). Suppose -b*y + p + 6 - 3 = 0, p + 3 = 2*y. What is z(y)?
9
Let k(z) = 2*z**3 + 2*z**2 - 1. Let w = -10 + 15. Suppose -12 + 2 = w*i. Determine k(i).
-9
Suppose -v = -2*v - 5, 5*s = 3*v. Let d(q) = -q - 5. Let g be d(s). Let f(z) = -2*z**2 - 4*z - 2. What is f(g)?
-2
Let v(y) be the third derivative of -y**7/2520 - y**6/144 - 7*y**5/120 - y**4/12 - 3*y**2. Let m(i) be the second derivative of v(i). What is m(-5)?
-7
Suppose -z - 4*u = -24, -1 + 13 = 4*z - 5*u. Let n(r) = -r**2 + 9*r - 12. Let q be n(z). Let v(k) = 10*k**2 - 8*k + k - 24*k**2 + 13*k**2 - 6. What is v(q)?
6
Let u(m) = 2*m**3 + m**2 + 2*m + 1. Suppose -2*l - 6 = -14. Let s = 40 + -45. Let i = l + s. Give u(i).
-2
Let b(v) = -3*v**2 + 7*v + 3. Let r(o) = -7*o**2 + 15*o + 6. Let n(y) = 5*b(y) - 2*r(y). Calculate n(7).
-11
Let h(p) = 6*p**3 + 7*p**2 + 7*p + 9. Let a(o) = 5*o**3 + 7*o**2 + 6*o + 9. Let k(b) = 7*a(b) - 6*h(b). Determine k(7).
9
Let v(p) = -p**3 - 5*p**2 + 2*p - 15. Let j be v(-6). Let x(n) = -n**2 + 8*n - 4. Calculate x(j).
-13
Let w(s) = 0*s + 27 + s - 39 - s**2 - 2*s. Calculate w(0).
-12
Let y(v) be the third derivative of -v**6/720 + v**5/20 + v**4/6 + v**2. Let p(r) be the second derivative of y(r). Determine p(5).
1
Let d(j) = -4 + 5 + 6*j**2 - 3 - 6*j - 1. Let a(c) = c**3 + 1. Let s(v) = a(v) - d(v). Give s(5).
9
Let a be -2*(11/2 - 2). Let i(c) = c + 7. Give i(a).
0
Let y(m) be the second derivative of m**4/24 + m**3/3 + 3*m**2/2 + 3*m. Let g(l) be the first derivative of y(l). Suppose -i + 1 = -4. Calculate g(i).
7
Let x(y) = -y + 3. Let a be -5 - 3/(-4 - -3). Let t be 1 + (-1)/((-1)/a). Let j = t + -2. What is x(j)?
6
Let v(k) = 30 - 32 - 2*k**2 + 4*k**2 + 2*k. Suppose 0 = 2*m + 5*p + 10, -5*m + 0*p - 8 = 4*p. Let t = m + -2. Determine v(t).
2
Let y(m) = -m - 1. Let r be y(-3). Let u(f) = 4*f**2 - 5 + f**2 - 7*f - 6*f**r - 4. Determine u(-6).
-3
Let b(l) = l**2 + 2*l - 5. Suppose -f + 4*q + 27 = -0*q, -5*f + 2*q + 63 = 0. Suppose -5*s - 44 = k, 4*s + 2*k + 23 = -f. Let a = s - -4. Give b(a).
10
Let m(g) = g**3 - 4*g**2 + 3*g - 1. Let c = 28 + -26. Calculate m(c).
-3
Let x(d) be the third derivative of d**4/24 - d**3 - 7*d**2. Let q be x(5). Let o(r) = 2*r**3 + 0*r**3 - 12*r**3. What is o(q)?
10
Let j(t) = 2*t**3 + 2*t**2 - t - 2. Suppose 3*c = -c + 16. Suppose 2*l + 0*l = -c. What is j(l)?
-8
Let z be -1 + (-2 - 6/(-3)). Let k(m) = 9*m - 3. Let c(o) = -1. Let d(u) = z*k(u) - 4*c(u). Let t(s) = -14*s + 11. Let w(h) = 8*d(h) - 5*t(h). Give w(-3).
7
Let h(c) = -4*c + 3. Suppose -2*m = 3*q - 4, 3*q - 3*m - 2*m - 11 = 0. Calculate h(q).
-5
Suppose 9 = 3*r - r - 3*n, 4*n = -4. Let h(i) = -2*i + 1. Give h(r).
-5
Let o(b) be the second derivative of -b**3/3 - b**2/2 - 10*b. Determine o(3).
-7
Let v be (-20)/(-8)*(3 - 1). Suppose -5 = 4*b + y - 2*y, 0 = -v*b + y - 6. Let k(d) = -2*d**2 + d + 1. Determine k(b).
-2
Suppose 0 = 11*b - 12*b + 2. Let p(g) = g**3 - g**2 - 2*g. What is p(b)?
0
Let r(o) be the second derivative of o**5/30 - o**3/3 - 6*o. Let l(g) be the second derivative of r(g). Give l(2).
8
Let n be (-4)/(-6) + 95/15. Suppose -a = -h - 1, a = -4*h + n - 21. Let s(d) = d**2 + d + 1. Calculate s(a).
3
Let a(u) = u + 11. Suppose 0 = 2*y - 7*y - 80. Let j be a(y). Let r(p) = -p**2 - 7*p - 5. Calculate r(j).
5
Let j(g) be the first derivative of -1/3*g**4 + 0*g**2 + 2 + 0*g**3 - 3*g. Let y(r) be the first derivative of j(r). What is y(-1)?
-4
Let q(a) = 2*a - 2. Suppose 5*n - 9 = 6. Suppose -n = 2*v - 3*v. Calculate q(v).
4
Let i(f) = -4*f + 9. Let w(q) = -3*q + 8. Let m(h) = 2*i(h) - 3*w(h). Let t(c) = c**2 - 9*c + 5. Let k be t(9). Suppose 6 = k*n - 19. Give m(n).
-1
Let b(h) = -2*h**2 - 6*h + 1. Let x be b(-4). Let n(c) = c. Let w(l) = -2*l + 9. Let o(j) = -3*n(j) - w(j). Calculate o(x).
-2
Let f(k) be the third derivative of k**4/24 + k**3/6 - k**2. Let y be (-2)/(-8) + 14/8. Calculate f(y).
3
Suppose -2 - 1 = -v. Let j(u) = 3 + u - 4 - v. Let l be (-5 + -1 - -6)/(-1 - 0). Calculate j(l).
-4
Let a(s) be the second derivative of s**4/12 - 3*s**3/2 + s**2/2 - 2*s. Suppose 0 = 9*z - 0*z - 54. Calculate a(z).
-17
Let r(b) = b**2 - 5*b - 3. Let v(c) = 3*c**2 - 15*c - 9. Let d(w) = 7*r(w) - 2*v(w). Give d(5).
-3
Let w(r) = 20*r**2 + r - 23. Let t(y) = 7*y**2 - 8. Let b(c) = 17*t(c) - 6*w(c). What is b(-7)?
-5
Let u(q) = -4*q - 13. Let y(s) = s + 4. Let f(r) = 2*u(r) + 7*y(r). Determine f(5).
-3
Let l = 4 + -1. Suppose 0 = 3*g + 4*x - 16, -5*g - 5 = -2*x + l. Suppose g = -3*q + 2 - 17. Let k(z) = -z**2 - 8*z - 7. What is k(q)?
8
Let a = 5 - 10. Let t = a - 1. Let x(q) = q**3 + 6*q**2 + q + 3. Give x(t).
-3
Let r(l) = l**3 - 5*l**2 + 4*l + 1. Let n(p) = p**2 - 8*p - 5. Let q be n(9). Determine r(q).
1
Let z(s) = -s + 11. Let v(w) = 2*w - 23. Let g(y) = 4*v(y) + 9*z(y). What is g(0)?
7
Let i(r) = -r**2 + r + 3. Suppose -t + 4 = -3*g, -2*g - 2*t = -g - 1. Let w be 3/3*(4 + g). Give i(w).
-3
Let n(j) be the second derivative of -j**5/20 + 5*j**4/12 + j**3/2 + 7*j**2/2 - 3*j. What is n(6)?
-11
Suppose -73 = -5*r + 22. Suppose -4*x + 0*x - 4 = 0, -4*b - 3*x - r = 0. Let t(q) = q**2 + 6*q - 2. Give t(b).
-10
Let f(b) be the first derivative of -b**4/4 - b**3/3 - b**2/2 + 2*b + 10. Let m(u) = -u**3 + u**2 - 2. Let y be m(0). Determine f(y).
8
Suppose 14 + 6 = 4*m. Let j(c) = 2 - m + 4*c - 1. Let i(b) = 3*b - 3. Let q(a) = -6*i(a) + 5*j(a). Calculate q(4).
6
Let m(y) = -2*y - 4. Let c be m(-4). Let l be (-3 - 1)*(-10)/c. Let b(a) = l - 2*a - 8 + 3*a. Give b(0).
2
Suppose l + 3 = q, l + 3*q + 3 - 12 = 0. Let v(c) = -4*c + 2*c - 10 + c + 2. Calculate v(l).
-8
Let u be -1 + 0 + 0 + -1. Let o(r) = 5*r**2 + 3*r - 3. Let j = -14 + 8. Let c(n) = -14*n**2 - 8*n + 9. Let h(p) = j*c(p) - 17*o(p). Calculate h(u).
-1
Let y(u) = -u**3 + 4*u**2 + 4*u - 1. Let g(n) = -n**3 - n - 1. Let v be g(-1). Let h be v/(-3) - (-1)/3. Suppose h = -j + 7 - 2. Determine y(j).
-6
Let h(g) = -g**2 + 7*g - 6. Let l(f) = -f**2 + 8*f - 2. Let d = -1 + 8. Let m be l(d). What is h(m)?
4
Suppose 0*f = 4*f - 496. Let m(t) = 10*t**2 + f*t - 124*t. Calculate m(-1).
10
Let h(n) = -n**3 + 6*n**2 - 6*n. Suppose o + 5*x - 10 = 2*x, o - 3*x = -2. What is h(o)?
8
Let z be 3/(-12) + (-22)/8. Let i(v) = -v - 2*v**2 - 3*v + 3 + 3*v. Determine i(z).
-12
Suppose 60 = -8*f + 5*f. Let b be (12/f - -1)*-5. Let z(k) = -5*k + 2. Determine z(b).
12
Let w(i) = -i**2 - 2*i + 26. Let o be w(-6). Let z be 1/2 - 21/(-6). Let s(d) = -4*d**2 + d + 3 - d**o + z*d**2. What is s(3)?
-3
Let i(k) = -9*k**2 - 4*k - 7. Let u(j) = -18*j**2 - 7*j - 13. Let q(l) = 11*i(l) - 6*u(l). Let r(c) = 2*c + 17. Let n be r(-8). Give q(n).
8
Let b(y) = -2*y**2 - 2*y - 2. Suppose -t + 5 - 3 = 0. Suppose t = 2*h + 6. Calculate b(h).
-6
Let b(v) be the third derivative of 10*v**2 - 7/24*v**4 + 0 - 1/60*v**5 + 0*v - v**3. What is b(-6)?
0
Let w(k) = -k**2 + 11*k - 4. Let l(p) = -p**2 + 11*p - 3. Let v(x) = 5*l(x) - 6*w(x). What is v(10)?
-1
Let n(a) = a**2 - 4*a - 2. Let s(c) be the first derivative of c**3/3 - 2*c**2 - c - 2. Let b(q) = -3*n(q) + 2*s(q). Suppose 2 = y - 2. Give b(y).
4
Let p be ((-4)/3)/(4/(-12)). Let l(n) = n**3 - 4*n**2 + 3*n + 2. Calculate l(p).
14
Let m(h) = h**3 + 9*h**2 + h + 5. Let l